{"id":6712,"date":"2026-04-28T12:05:34","date_gmt":"2026-04-28T17:05:34","guid":{"rendered":"https:\/\/vepabogota.com\/?page_id=6712"},"modified":"2026-04-28T18:08:33","modified_gmt":"2026-04-28T23:08:33","slug":"congresos-y-conferencias","status":"publish","type":"page","link":"https:\/\/vepabogota.com\/index.php\/congresos-y-conferencias\/","title":{"rendered":"Congresos y conferencias"},"content":{"rendered":"\t\t<div data-elementor-type=\"wp-page\" data-elementor-id=\"6712\" class=\"elementor elementor-6712\" data-elementor-post-type=\"page\">\n\t\t\t\t<div class=\"elementor-element elementor-element-ef90078 e-flex e-con-boxed e-con e-parent\" data-id=\"ef90078\" data-element_type=\"container\" data-e-type=\"container\">\n\t\t\t\t\t<div class=\"e-con-inner\">\n\t\t<div class=\"elementor-element elementor-element-89b1328 e-con-full e-flex e-con e-child\" data-id=\"89b1328\" data-element_type=\"container\" data-e-type=\"container\">\n\t\t\t\t<div class=\"elementor-element elementor-element-b2c3714 elementor-widget elementor-widget-image\" data-id=\"b2c3714\" data-element_type=\"widget\" data-e-type=\"widget\" data-widget_type=\"image.default\">\n\t\t\t\t\t\t\t\t\t\t\t\t\t\t\t<img fetchpriority=\"high\" decoding=\"async\" width=\"699\" height=\"524\" src=\"https:\/\/vepabogota.com\/wp-content\/uploads\/2026\/04\/Congreoso-y-conferencia-vepa-bogota.jpeg\" class=\"attachment-large size-large wp-image-6845\" alt=\"\" srcset=\"https:\/\/vepabogota.com\/wp-content\/uploads\/2026\/04\/Congreoso-y-conferencia-vepa-bogota.jpeg 1024w, https:\/\/vepabogota.com\/wp-content\/uploads\/2026\/04\/Congreoso-y-conferencia-vepa-bogota-300x225.jpeg 300w, https:\/\/vepabogota.com\/wp-content\/uploads\/2026\/04\/Congreoso-y-conferencia-vepa-bogota-768x576.jpeg 768w, https:\/\/vepabogota.com\/wp-content\/uploads\/2026\/04\/Congreoso-y-conferencia-vepa-bogota-600x450.jpeg 600w\" sizes=\"(max-width: 699px) 100vw, 699px\" \/>\t\t\t\t\t\t\t\t\t\t\t\t\t\t\t<\/div>\n\t\t\t\t<\/div>\n\t\t<div class=\"elementor-element elementor-element-0898d36 e-con-full e-flex e-con e-child\" data-id=\"0898d36\" data-element_type=\"container\" data-e-type=\"container\">\n\t\t\t\t<div class=\"elementor-element elementor-element-bb4505d elementor-widget elementor-widget-heading\" data-id=\"bb4505d\" data-element_type=\"widget\" data-e-type=\"widget\" data-widget_type=\"heading.default\">\n\t\t\t\t\t<h2 class=\"elementor-heading-title elementor-size-default\">Congresos y conferencias<\/h2>\t\t\t\t<\/div>\n\t\t\t\t<div class=\"elementor-element elementor-element-befff97 elementor-widget elementor-widget-text-editor\" data-id=\"befff97\" data-element_type=\"widget\" data-e-type=\"widget\" data-widget_type=\"text-editor.default\">\n\t\t\t\t\t\t\t\t\t<p style=\"text-align: justify;\">Mantente a la vanguardia de la medicina veterinaria. Al ser parte de VEPA Bogot\u00e1 y Cundinamarca, podr\u00e1s acceder a espacios acad\u00e9micos de alto nivel dise\u00f1ados para la pr\u00e1ctica cl\u00ednica actual. Actualiza tus conocimientos, comparte experiencias con colegas y fortalece tu ejercicio profesional en un entorno din\u00e1mico y enfocado en el crecimiento continuo.<\/p>\t\t\t\t\t\t\t\t<\/div>\n\t\t\t\t<div class=\"elementor-element elementor-element-d764a51 elementor-align-center elementor-widget elementor-widget-button\" data-id=\"d764a51\" data-element_type=\"widget\" data-e-type=\"widget\" data-widget_type=\"button.default\">\n\t\t\t\t\t\t\t\t\t\t<a class=\"elementor-button elementor-button-link elementor-size-sm\" href=\"#\">\n\t\t\t\t\t\t<span class=\"elementor-button-content-wrapper\">\n\t\t\t\t\t\t\t\t\t<span class=\"elementor-button-text\">Haz clic aqu\u00ed<\/span>\n\t\t\t\t\t<\/span>\n\t\t\t\t\t<\/a>\n\t\t\t\t\t\t\t\t<\/div>\n\t\t\t\t<\/div>\n\t\t\t\t\t<\/div>\n\t\t\t\t<\/div>\n\t\t\t\t<\/div>\n\t\t","protected":false},"excerpt":{"rendered":"<div class=\"tmnf_excerpt\"><p>Congresos y conferencias Mantente a la vanguardia de la medicina veterinaria. Al ser parte de VEPA Bogot\u00e1 y Cundinamarca, podr\u00e1s acceder a espacios acad\u00e9micos de alto nivel dise\u00f1ados para la &hellip;<\/p>\n<\/div>","protected":false},"author":2,"featured_media":0,"parent":0,"menu_order":0,"comment_status":"closed","ping_status":"closed","template":"elementor_header_footer","meta":{"give_campaign_id":0,"_themeisle_gutenberg_block_has_review":false,"footnotes":""},"class_list":["post-6712","page","type-page","status-publish","hentry"],"campaignId":"","_links":{"self":[{"href":"https:\/\/vepabogota.com\/index.php\/wp-json\/wp\/v2\/pages\/6712","targetHints":{"allow":["GET"]}}],"collection":[{"href":"https:\/\/vepabogota.com\/index.php\/wp-json\/wp\/v2\/pages"}],"about":[{"href":"https:\/\/vepabogota.com\/index.php\/wp-json\/wp\/v2\/types\/page"}],"author":[{"embeddable":true,"href":"https:\/\/vepabogota.com\/index.php\/wp-json\/wp\/v2\/users\/2"}],"replies":[{"embeddable":true,"href":"https:\/\/vepabogota.com\/index.php\/wp-json\/wp\/v2\/comments?post=6712"}],"version-history":[{"count":25,"href":"https:\/\/vepabogota.com\/index.php\/wp-json\/wp\/v2\/pages\/6712\/revisions"}],"predecessor-version":[{"id":6848,"href":"https:\/\/vepabogota.com\/index.php\/wp-json\/wp\/v2\/pages\/6712\/revisions\/6848"}],"wp:attachment":[{"href":"https:\/\/vepabogota.com\/index.php\/wp-json\/wp\/v2\/media?parent=6712"}],"curies":[{"name":"wp","href":"https:\/\/api.w.org\/{rel}","templated":true}]}}