{"id":6756,"date":"2026-04-28T14:46:51","date_gmt":"2026-04-28T19:46:51","guid":{"rendered":"https:\/\/vepabogota.com\/?page_id=6756"},"modified":"2026-04-29T15:38:30","modified_gmt":"2026-04-29T20:38:30","slug":"asesoria-comercial","status":"publish","type":"page","link":"https:\/\/vepabogota.com\/index.php\/asesoria-comercial\/","title":{"rendered":"Asesor\u00eda comercial"},"content":{"rendered":"\t\t<div data-elementor-type=\"wp-page\" data-elementor-id=\"6756\" class=\"elementor elementor-6756\" data-elementor-post-type=\"page\">\n\t\t\t\t<div class=\"elementor-element elementor-element-07d42ed e-flex e-con-boxed e-con e-parent\" data-id=\"07d42ed\" data-element_type=\"container\" data-e-type=\"container\">\n\t\t\t\t\t<div class=\"e-con-inner\">\n\t\t<div class=\"elementor-element elementor-element-421fce1 e-con-full e-flex e-con e-child\" data-id=\"421fce1\" data-element_type=\"container\" data-e-type=\"container\">\n\t\t\t\t<div class=\"elementor-element elementor-element-63ffd28 elementor-widget elementor-widget-image\" data-id=\"63ffd28\" data-element_type=\"widget\" data-e-type=\"widget\" data-widget_type=\"image.default\">\n\t\t\t\t\t\t\t\t\t\t\t\t\t\t\t<img fetchpriority=\"high\" decoding=\"async\" width=\"699\" height=\"518\" src=\"https:\/\/vepabogota.com\/wp-content\/uploads\/2026\/04\/Asesoria-comercial-1024x759.png\" class=\"attachment-large size-large wp-image-6901\" alt=\"\" srcset=\"https:\/\/vepabogota.com\/wp-content\/uploads\/2026\/04\/Asesoria-comercial-1024x759.png 1024w, https:\/\/vepabogota.com\/wp-content\/uploads\/2026\/04\/Asesoria-comercial-300x222.png 300w, https:\/\/vepabogota.com\/wp-content\/uploads\/2026\/04\/Asesoria-comercial-768x569.png 768w, https:\/\/vepabogota.com\/wp-content\/uploads\/2026\/04\/Asesoria-comercial-600x444.png 600w, https:\/\/vepabogota.com\/wp-content\/uploads\/2026\/04\/Asesoria-comercial.png 1296w\" sizes=\"(max-width: 699px) 100vw, 699px\" \/>\t\t\t\t\t\t\t\t\t\t\t\t\t\t\t<\/div>\n\t\t\t\t<\/div>\n\t\t<div class=\"elementor-element elementor-element-f4fd3c8 e-con-full e-flex e-con e-child\" data-id=\"f4fd3c8\" data-element_type=\"container\" data-e-type=\"container\">\n\t\t\t\t<div class=\"elementor-element elementor-element-dd4763f elementor-widget elementor-widget-heading\" data-id=\"dd4763f\" data-element_type=\"widget\" data-e-type=\"widget\" data-widget_type=\"heading.default\">\n\t\t\t\t\t<h2 class=\"elementor-heading-title elementor-size-default\">Asesor\u00eda comercial<\/h2>\t\t\t\t<\/div>\n\t\t\t\t<div class=\"elementor-element elementor-element-4d5e94e elementor-widget elementor-widget-text-editor\" data-id=\"4d5e94e\" data-element_type=\"widget\" data-e-type=\"widget\" data-widget_type=\"text-editor.default\">\n\t\t\t\t\t\t\t\t\t<p style=\"text-align: justify;\">Lleva tu cl\u00ednica veterinaria al siguiente nivel. En VEPA Bogot\u00e1 y Cundinamarca encontrar\u00e1s espacios de orientaci\u00f3n y acompa\u00f1amiento para fortalecer la gesti\u00f3n de tu pr\u00e1ctica. Optimiza tus servicios, mejora la relaci\u00f3n con tus clientes y potencia el crecimiento de tu cl\u00ednica dentro del sector veterinario.<\/p>\t\t\t\t\t\t\t\t<\/div>\n\t\t\t\t<\/div>\n\t\t\t\t\t<\/div>\n\t\t\t\t<\/div>\n\t\t\t\t<\/div>\n\t\t","protected":false},"excerpt":{"rendered":"<div class=\"tmnf_excerpt\"><p>Asesor\u00eda comercial Lleva tu cl\u00ednica veterinaria al siguiente nivel. En VEPA Bogot\u00e1 y Cundinamarca encontrar\u00e1s espacios de orientaci\u00f3n y acompa\u00f1amiento para fortalecer la gesti\u00f3n de tu pr\u00e1ctica. Optimiza tus servicios, &hellip;<\/p>\n<\/div>","protected":false},"author":2,"featured_media":0,"parent":0,"menu_order":0,"comment_status":"closed","ping_status":"closed","template":"elementor_header_footer","meta":{"give_campaign_id":0,"_themeisle_gutenberg_block_has_review":false,"footnotes":""},"class_list":["post-6756","page","type-page","status-publish","hentry"],"campaignId":"","_links":{"self":[{"href":"https:\/\/vepabogota.com\/index.php\/wp-json\/wp\/v2\/pages\/6756","targetHints":{"allow":["GET"]}}],"collection":[{"href":"https:\/\/vepabogota.com\/index.php\/wp-json\/wp\/v2\/pages"}],"about":[{"href":"https:\/\/vepabogota.com\/index.php\/wp-json\/wp\/v2\/types\/page"}],"author":[{"embeddable":true,"href":"https:\/\/vepabogota.com\/index.php\/wp-json\/wp\/v2\/users\/2"}],"replies":[{"embeddable":true,"href":"https:\/\/vepabogota.com\/index.php\/wp-json\/wp\/v2\/comments?post=6756"}],"version-history":[{"count":13,"href":"https:\/\/vepabogota.com\/index.php\/wp-json\/wp\/v2\/pages\/6756\/revisions"}],"predecessor-version":[{"id":6904,"href":"https:\/\/vepabogota.com\/index.php\/wp-json\/wp\/v2\/pages\/6756\/revisions\/6904"}],"wp:attachment":[{"href":"https:\/\/vepabogota.com\/index.php\/wp-json\/wp\/v2\/media?parent=6756"}],"curies":[{"name":"wp","href":"https:\/\/api.w.org\/{rel}","templated":true}]}}